
{"id":21,"date":"2021-07-21T09:19:38","date_gmt":"2021-07-21T07:19:38","guid":{"rendered":"https:\/\/przedszkole95.edu.wroclaw.pl\/?page_id=21"},"modified":"2024-08-26T09:56:03","modified_gmt":"2024-08-26T07:56:03","slug":"strona-glowna","status":"publish","type":"page","link":"https:\/\/przedszkole95.edu.wroclaw.pl\/","title":{"rendered":"Strona g\u0142\u00f3wna"},"content":{"rendered":"<div class=\"wpb-content-wrapper\"><p>[vc_row][vc_column][vc_column_text]<\/p>\n<h2><span style=\"font-size: 24pt\">O przedszkolu<\/span><\/h2>\n<p>[\/vc_column_text][\/vc_column][\/vc_row][vc_row][vc_column width=&#8221;1\/2&#8243;][vc_column_text] Przedszkolaki w naszej plac\u00f3wce s\u0105 bezpieczne i radosne, stwarzamy im warunki sprzyjaj\u0105ce wsp\u00f3lnej i zgodnej zabawie oraz nauce dzieci o zr\u00f3\u017cnicowanych mo\u017cliwo\u015bciach fizycznych i intelektualnych. Podejmujemy dzia\u0142ania wspieraj\u0105ce ich ciekawo\u015b\u0107, rozwijanie umiej\u0119tno\u015bci spo\u0142ecznych oraz ich indywidualnych uzdolnie\u0144, aktywno\u015b\u0107 fizyczn\u0105 i samodzielno\u015b\u0107 a tak\u017ce kszta\u0142tuj\u0105ce te wiadomo\u015bci i umiej\u0119tno\u015bci, kt\u00f3re s\u0105 wa\u017cne w edukacji szkolnej. Dzi\u0119ki wyspecjalizowanej kadrze oraz odpowiednio organizowanym zabawom i zaj\u0119ciom nasi podopieczni maja mo\u017cliwo\u015b\u0107 odkrywania otaczaj\u0105cego \u015bwiata na miar\u0119 swoich potrzeb i mo\u017cliwo\u015bci.<\/p>\n<p>Wytycznymi do naszej codziennej pracy s\u0105 g\u0142\u00f3wnie:<\/p>\n<p>Podstawa Programowa Wychowania Przedszkolnego,<br \/>\nprogramy wychowania przedszkolnego zaproponowane przez nauczycielki i dopuszczone do u\u017cytku przez dyrektora przedszkola,<br \/>\nProgram Optymistyczne Przedszkole, Program Profilaktyki Logopedycznej, Program adaptacji do przedszkola, Program o bezpiecze\u0144stwie, Program edukacji zdrowotnej z elementami gimnastyki korekcyjnej itp.<br \/>\nRoczny plan pracy i miesi\u0119czne plany pracy przygotowywane dla grup przez nauczycielki,<br \/>\n[\/vc_column_text][\/vc_column][vc_column width=&#8221;1\/2&#8243;][vc_column_text]W naszej plac\u00f3wce stwarzamy dzieciom mo\u017cliwo\u015bci rozwijania i doskonalenia swoich talent\u00f3w i zainteresowa\u0144 na prowadzonych przez wykwalikowanych instruktor\u00f3w r\u00f3\u017cnorodnych zaj\u0119ciach dodatkowych.<\/p>\n<p>Proces dydaktyczno-wychowawczy realizujemy poprzez metody i techniki aktywizuj\u0105ce:<\/p>\n<p>Metod\u0119 wspomagania rozwoju umys\u0142owego w zakresie matematyki prof. E. Gruszczyk-Kolczy\u0144skiej<br \/>\nMetod\u0119 Dobrego Startu M. Bogdanowicz &#8211; Pedagogik\u0119 Zabawy Klanza<br \/>\nMetod\u0119 Kinezjologii Edukacyjnej<br \/>\nMetod\u0119 Ruchu Rozwijaj\u0105cego Weroniki Sherborne<\/p>\n<p>Dzi\u0119ki dobrej wsp\u00f3\u0142pracy z Rad\u0105 Rodzic\u00f3w przedszkola realizujemy wiele imprez kulturalnych , wycieczek, uroczysto\u015bci , wyjazd\u00f3w i spotka\u0144 integracyjnych dla dzieci i rodzic\u00f3w.<\/p>\n<p>Zapraszamy wi\u0119c serdecznie wszystkich Rodzic\u00f3w do uczestniczenia w codziennym \u017cyciu naszego przedszkola.[\/vc_column_text][\/vc_column][\/vc_row][vc_row][vc_column][vc_column_text]<\/p>\n<h2><span style=\"font-size: 24pt\">Aktualno\u015bci<\/span><\/h2>\n<p>[\/vc_column_text][vc_basic_grid post_type=&#8221;post&#8221; max_items=&#8221;8&#8243; element_width=&#8221;3&#8243; grid_id=&#8221;vc_gid:1724658947256-648d2300-1ad0-5&#8243; taxonomies=&#8221;1&#8243;][\/vc_column][\/vc_row]<\/p>\n<\/div>","protected":false},"excerpt":{"rendered":"<p>[vc_row][vc_column][vc_column_text] O przedszkolu [\/vc_column_text][\/vc_column][\/vc_row][vc_row][vc_column width=&#8221;1\/2&#8243;][vc_column_text] Przedszkolaki w naszej plac\u00f3wce s\u0105 bezpieczne i radosne, stwarzamy im warunki sprzyjaj\u0105ce wsp\u00f3lnej i zgodnej zabawie oraz nauce dzieci o zr\u00f3\u017cnicowanych mo\u017cliwo\u015bciach fizycznych i intelektualnych. [&hellip;]<\/p>\n","protected":false},"author":15,"featured_media":0,"parent":0,"menu_order":0,"comment_status":"closed","ping_status":"closed","template":"","meta":{"ngg_post_thumbnail":0,"footnotes":""},"class_list":["post-21","page","type-page","status-publish","hentry","clearfix"],"_links":{"self":[{"href":"https:\/\/przedszkole95.edu.wroclaw.pl\/index.php\/wp-json\/wp\/v2\/pages\/21","targetHints":{"allow":["GET"]}}],"collection":[{"href":"https:\/\/przedszkole95.edu.wroclaw.pl\/index.php\/wp-json\/wp\/v2\/pages"}],"about":[{"href":"https:\/\/przedszkole95.edu.wroclaw.pl\/index.php\/wp-json\/wp\/v2\/types\/page"}],"author":[{"embeddable":true,"href":"https:\/\/przedszkole95.edu.wroclaw.pl\/index.php\/wp-json\/wp\/v2\/users\/15"}],"replies":[{"embeddable":true,"href":"https:\/\/przedszkole95.edu.wroclaw.pl\/index.php\/wp-json\/wp\/v2\/comments?post=21"}],"version-history":[{"count":18,"href":"https:\/\/przedszkole95.edu.wroclaw.pl\/index.php\/wp-json\/wp\/v2\/pages\/21\/revisions"}],"predecessor-version":[{"id":1336,"href":"https:\/\/przedszkole95.edu.wroclaw.pl\/index.php\/wp-json\/wp\/v2\/pages\/21\/revisions\/1336"}],"wp:attachment":[{"href":"https:\/\/przedszkole95.edu.wroclaw.pl\/index.php\/wp-json\/wp\/v2\/media?parent=21"}],"curies":[{"name":"wp","href":"https:\/\/api.w.org\/{rel}","templated":true}]}}