
{"id":240,"date":"2022-04-01T08:17:38","date_gmt":"2022-04-01T06:17:38","guid":{"rendered":"https:\/\/przedszkole95.edu.wroclaw.pl\/?page_id=240"},"modified":"2025-09-12T11:13:09","modified_gmt":"2025-09-12T09:13:09","slug":"dokumenty-do-pobrania","status":"publish","type":"page","link":"https:\/\/przedszkole95.edu.wroclaw.pl\/index.php\/dokumenty-do-pobrania\/","title":{"rendered":"Dokumenty do pobrania"},"content":{"rendered":"<div class=\"wpb-content-wrapper\"><p>[vc_row][vc_column][vc_column_text css=&#8221;&#8221;]<a href=\"https:\/\/przedszkole95.edu.wroclaw.pl\/wp-content\/uploads\/sites\/62\/2025\/09\/Standardy-Ochrony-Dzieci-w-Przedszkolu-nr-95-we-Wroclawiu-2025.pdf\">Standardy Ochrony Dzieci w Przedszkolu nr 95 we Wroc\u0142awiu 2025<\/a><\/p>\n<p><a href=\"https:\/\/przedszkole95.edu.wroclaw.pl\/wp-content\/uploads\/sites\/62\/2024\/03\/Kontynuacja-wzor-oswiadczenia-.pdf\" target=\"_blank\" rel=\"noopener\">Kontynuacja &#8211; wz\u00f3r o\u015bwiadczenia<\/a><\/p>\n<p><a href=\"https:\/\/przedszkole95.edu.wroclaw.pl\/wp-content\/uploads\/sites\/62\/2025\/09\/odbior-dziecka-1-scaled.jpg\" target=\"_blank\" rel=\"noopener\">Upowa\u017cnienie do odbioru dziecka na rok szkolny 2025 2026<\/a><\/p>\n<p><a href=\"https:\/\/przedszkole95.edu.wroclaw.pl\/wp-content\/uploads\/sites\/62\/2022\/05\/Ochrona-Danych-Osobowych.pdf\" target=\"_blank\" rel=\"noopener\">Ochrona Danych Osobowych<\/a>[\/vc_column_text][\/vc_column][\/vc_row]<\/p>\n<\/div>","protected":false},"excerpt":{"rendered":"<p>[vc_row][vc_column][vc_column_text css=&#8221;&#8221;]Standardy Ochrony Dzieci w Przedszkolu nr 95 we Wroc\u0142awiu 2025 Kontynuacja &#8211; wz\u00f3r o\u015bwiadczenia Upowa\u017cnienie do odbioru dziecka na rok szkolny 2025 2026 Ochrona Danych Osobowych[\/vc_column_text][\/vc_column][\/vc_row]<\/p>\n","protected":false},"author":15,"featured_media":0,"parent":0,"menu_order":0,"comment_status":"closed","ping_status":"closed","template":"","meta":{"ngg_post_thumbnail":0,"footnotes":""},"class_list":["post-240","page","type-page","status-publish","hentry","clearfix"],"_links":{"self":[{"href":"https:\/\/przedszkole95.edu.wroclaw.pl\/index.php\/wp-json\/wp\/v2\/pages\/240","targetHints":{"allow":["GET"]}}],"collection":[{"href":"https:\/\/przedszkole95.edu.wroclaw.pl\/index.php\/wp-json\/wp\/v2\/pages"}],"about":[{"href":"https:\/\/przedszkole95.edu.wroclaw.pl\/index.php\/wp-json\/wp\/v2\/types\/page"}],"author":[{"embeddable":true,"href":"https:\/\/przedszkole95.edu.wroclaw.pl\/index.php\/wp-json\/wp\/v2\/users\/15"}],"replies":[{"embeddable":true,"href":"https:\/\/przedszkole95.edu.wroclaw.pl\/index.php\/wp-json\/wp\/v2\/comments?post=240"}],"version-history":[{"count":15,"href":"https:\/\/przedszkole95.edu.wroclaw.pl\/index.php\/wp-json\/wp\/v2\/pages\/240\/revisions"}],"predecessor-version":[{"id":1402,"href":"https:\/\/przedszkole95.edu.wroclaw.pl\/index.php\/wp-json\/wp\/v2\/pages\/240\/revisions\/1402"}],"wp:attachment":[{"href":"https:\/\/przedszkole95.edu.wroclaw.pl\/index.php\/wp-json\/wp\/v2\/media?parent=240"}],"curies":[{"name":"wp","href":"https:\/\/api.w.org\/{rel}","templated":true}]}}